{"id":356,"date":"2013-02-14T21:09:04","date_gmt":"2013-02-12T19:31:36","guid":{"rendered":"http:\/\/jajofo.de\/wordpress\/?page_id=356"},"modified":"2015-04-15T22:12:24","modified_gmt":"2015-04-15T22:12:24","slug":"jonathan-kern","status":"publish","type":"page","link":"https:\/\/jajofo.de\/wordpress\/uber-uns\/jonathan-kern\/","title":{"rendered":"Jonathan Kern"},"content":{"rendered":"<p><strong>Geboren: <\/strong>1987<\/p>\n<figure id=\"attachment_71\" aria-describedby=\"caption-attachment-71\" style=\"width: 150px\" class=\"wp-caption alignright\"><a href=\"http:\/\/jajofo.de\/wordpress\/wp-content\/uploads\/2011\/02\/jonathan.jpg\"><img loading=\"lazy\" class=\"size-thumbnail wp-image-71\" src=\"http:\/\/jajofo.de\/wordpress\/wp-content\/uploads\/2011\/02\/jonathan-150x150.jpg\" alt=\"Jonathan Kern\" width=\"150\" height=\"150\" \/><\/a><figcaption id=\"caption-attachment-71\" class=\"wp-caption-text\">Jonathan Kern<\/figcaption><\/figure>\n<p>Seit Herbst 2008 verbinde ich meine Passion f\u00fcr Oldtimer (im Besonderen bin ich den VW-Bullys verschrieben) mit der Fotografie, denn zu diesem Zeitpunkt begann ich meinen Blog <a href=\"http:\/\/vw-bully.blogspot.com\">vw-bully.blogspot.com<\/a> zu schreiben. Dort stelle ich interessante Fahrzeuge denen ich begegnet bin vor.<\/p>\n<p>Die Dokumentation von Ereignissen (Seminare, Feste, Wettbewerbe &#8230;) aller Art hat mir zus\u00e4tzlich viel Erfahrung gegeben. Die nachtr\u00e4gliche Bearbeitung nat\u00fcrlich inbegriffen.<\/p>\n<p>Zudem mache ich seit Ende 2011 Textildesign im Bereich kreatives Handarbeiten wie Stricken, N\u00e4hen und T-Shirt-Bemalung.<\/p>\n","protected":false},"excerpt":{"rendered":"<p>Geboren: 1987 Seit Herbst 2008 verbinde ich meine Passion f\u00fcr Oldtimer (im Besonderen bin ich den VW-Bullys verschrieben) mit der Fotografie, denn zu diesem Zeitpunkt begann ich meinen Blog vw-bully.blogspot.com zu schreiben. Dort stelle ich interessante Fahrzeuge denen ich begegnet bin vor. Die Dokumentation von Ereignissen (Seminare, Feste, Wettbewerbe &#8230;) aller Art hat mir zus\u00e4tzlich &hellip; <a href=\"https:\/\/jajofo.de\/wordpress\/uber-uns\/jonathan-kern\/\" class=\"more-link\"><span class=\"screen-reader-text\">&#8222;Jonathan Kern&#8220; <\/span>weiterlesen<\/a><\/p>\n","protected":false},"author":3,"featured_media":0,"parent":50,"menu_order":0,"comment_status":"closed","ping_status":"open","template":"","meta":{"ngg_post_thumbnail":0},"_links":{"self":[{"href":"https:\/\/jajofo.de\/wordpress\/wp-json\/wp\/v2\/pages\/356"}],"collection":[{"href":"https:\/\/jajofo.de\/wordpress\/wp-json\/wp\/v2\/pages"}],"about":[{"href":"https:\/\/jajofo.de\/wordpress\/wp-json\/wp\/v2\/types\/page"}],"author":[{"embeddable":true,"href":"https:\/\/jajofo.de\/wordpress\/wp-json\/wp\/v2\/users\/3"}],"replies":[{"embeddable":true,"href":"https:\/\/jajofo.de\/wordpress\/wp-json\/wp\/v2\/comments?post=356"}],"version-history":[{"count":7,"href":"https:\/\/jajofo.de\/wordpress\/wp-json\/wp\/v2\/pages\/356\/revisions"}],"predecessor-version":[{"id":716,"href":"https:\/\/jajofo.de\/wordpress\/wp-json\/wp\/v2\/pages\/356\/revisions\/716"}],"up":[{"embeddable":true,"href":"https:\/\/jajofo.de\/wordpress\/wp-json\/wp\/v2\/pages\/50"}],"wp:attachment":[{"href":"https:\/\/jajofo.de\/wordpress\/wp-json\/wp\/v2\/media?parent=356"}],"curies":[{"name":"wp","href":"https:\/\/api.w.org\/{rel}","templated":true}]}}

<p><strong>Geboren: </strong>1987</p>
<figure id="attachment_71" aria-describedby="caption-attachment-71" style="width: 150px" class="wp-caption alignright"><a href="http://jajofo.de/wordpress/wp-content/uploads/2011/02/jonathan.jpg"><img loading="lazy" class="size-thumbnail wp-image-71" src="http://jajofo.de/wordpress/wp-content/uploads/2011/02/jonathan-150x150.jpg" alt="Jonathan Kern" width="150" height="150" /></a><figcaption id="caption-attachment-71" class="wp-caption-text">Jonathan Kern</figcaption></figure>
<p>Seit Herbst 2008 verbinde ich meine Passion für Oldtimer (im Besonderen bin ich den VW-Bullys verschrieben) mit der Fotografie, denn zu diesem Zeitpunkt begann ich meinen Blog <a href="http://vw-bully.blogspot.com">vw-bully.blogspot.com</a> zu schreiben. Dort stelle ich interessante Fahrzeuge denen ich begegnet bin vor.</p>
<p>Die Dokumentation von Ereignissen (Seminare, Feste, Wettbewerbe &#8230;) aller Art hat mir zusätzlich viel Erfahrung gegeben. Die nachträgliche Bearbeitung natürlich inbegriffen.</p>
<p>Zudem mache ich seit Ende 2011 Textildesign im Bereich kreatives Handarbeiten wie Stricken, Nähen und T-Shirt-Bemalung.</p>

<p>Geboren: 1987 Seit Herbst 2008 verbinde ich meine Passion für Oldtimer (im Besonderen bin ich den VW-Bullys verschrieben) mit der Fotografie, denn zu diesem Zeitpunkt begann ich meinen Blog vw-bully.blogspot.com zu schreiben. Dort stelle ich interessante Fahrzeuge denen ich begegnet bin vor. Die Dokumentation von Ereignissen (Seminare, Feste, Wettbewerbe &#8230;) aller Art hat mir zusätzlich &hellip; <a href="https://jajofo.de/wordpress/uber-uns/jonathan-kern/" class="more-link"><span class="screen-reader-text">&#8222;Jonathan Kern&#8220; </span>weiterlesen</a></p>
