{"id":48,"date":"2013-03-06T18:57:35","date_gmt":"2011-02-22T21:43:45","guid":{"rendered":"http:\/\/jajofo.de\/wordpress\/"},"modified":"2017-10-12T19:11:20","modified_gmt":"2017-10-12T19:11:20","slug":"auftrage","status":"publish","type":"page","link":"https:\/\/jajofo.de\/wordpress\/auftrage\/","title":{"rendered":"Auftr\u00e4ge"},"content":{"rendered":"<p>Um uns einen Auftrag zu geben und\/oder einen Kostenvoranschlag zu bekommen, bitten wir Sie, bis ein fertiges Formular zur Verf\u00fcgung steht, uns folgende Angaben m\u00f6glichst pr\u00e4zise per E-mail an jajofo@gmail.com zukommen zu lassen:<\/p>\n<ul>\n<li>Art des Auftrags (Zeichnung, Illustration, Kurs etc. &#8230;)<\/li>\n<li>Technik und Materialw\u00fcnsche (Bildgr\u00f6\u00dfe, Zeichentechnik &#8230;)<\/li>\n<li>Unverbindlicher Kostenvoranschlag: ja\/nein?<\/li>\n<li>Dringlichkeit des Auftrages bzw. Abgabetermin<\/li>\n<\/ul>\n<p>Wenn Sie noch Fragen haben, dann k\u00f6nnen Sie uns jederzeit eine Mail zukommen lassen. Wir versuchen, auf alle ihre W\u00fcnsche so individuell wie m\u00f6glich einzugehen.<\/p>\n<h1>PREISE 2013<\/h1>\n<p>Alle diese Preise verstehen sich inklusive aller Steuern. F\u00fcr Porto und Versand wird bei Postwegen eine Pauschale von 5,- \u20ac innerhalb der Europ\u00e4ischen Union verlangt. Leider ist es uns zum aktuellen Zeitpunkt noch nicht m\u00f6glich, die Preise mit absetzbarer Mehrwertsteuer anzubieten.<\/p>\n<p>Grunds\u00e4tzlich gelten die Pauschalpreise, wir behalten uns allerdings vor, diese an das jeweilige Projekt anzupassen, sollte es sich z.B. als besonders komplex erweisen.<\/p>\n<p>Verz\u00f6gerungsversicherung: Sollte ein Auftrag bei Ihnen 2 Wochen als der <span style=\"text-decoration: underline;\">ausdr\u00fccklich und schriftlich<\/span> vereinbarte Wunschtermin versp\u00e4tet eintreffen, erhalten Sie einen Rabatt von 20% auf den urspr\u00fcnglichen Preis.<\/p>\n<h5><strong>Bei Auftr\u00e4gen \u00fcber 50 \u20ac verlangen wir eine Anzahlung von 50 %.<\/strong><\/h5>\n<p><strong>Grunds\u00e4tzlicher Stundentarif: 18,- \u20ac<\/strong><\/p>\n<h3>Zeichnungen:<\/h3>\n<table>\n<colgroup>\n<col width=\"354\">\n<col width=\"93\">\n<col width=\"91\">\n<col width=\"86\"> <\/colgroup>\n<tbody>\n<tr>\n<td>Technik:<\/td>\n<td>Format A5<\/td>\n<td>Format A4<\/td>\n<td>Format A3<\/td>\n<\/tr>\n<tr>\n<td>Portraitzeichnung nach Foto mit Bleistift<\/td>\n<td>20 \u20ac<\/td>\n<td>38 \u20ac<\/td>\n<td>68 \u20ac<\/td>\n<\/tr>\n<tr>\n<td>Portraitzeichnung nach Foto mit Buntstift<\/td>\n<td>25 \u20ac<\/td>\n<td>48 \u20ac<\/td>\n<td>88 \u20ac<\/td>\n<\/tr>\n<tr>\n<td>Zeichnung nach Vorlage mit Aquarell<\/td>\n<td>33 \u20ac<\/td>\n<td>63 \u20ac<\/td>\n<td>125 \u20ac<\/td>\n<\/tr>\n<tr>\n<td>Zeichnung mit Vorlage mit Pastell oder Tinte<\/td>\n<td>30 \u20ac<\/td>\n<td>60 \u20ac<\/td>\n<td>115 \u20ac<\/td>\n<\/tr>\n<tr>\n<td>Einfache Illustration \/ Lineart<\/td>\n<td>18 \u20ac<\/td>\n<td>33 \u20ac<\/td>\n<td>58 \u20ac<\/td>\n<\/tr>\n<\/tbody>\n<\/table>\n<h3>Fotografie:<\/h3>\n<p>\u00bd Tag Fotoshooting kostet derzeit 70 \u20ac. Die Fotos werden wir ihnen dann auf einem Medium ihrer Wahl zukommen lassen (Speicherkarte, Stick, CD-\/DVD-Rom).<\/p>\n<p>Anfahrtpauschale berechnen: 2 Cent pro gefahrenem Kilometer.<\/p>\n<h3>Kurse:<\/h3>\n<p>Online-Zeichencoaching: Jahresgeb\u00fchr: 150 \u20ac (Zahlbar auch halbj\u00e4hrlich (80 \u20ac) oder im Vierteljahr (45 \u20ac)).<\/p>\n<p>Zeichenkursveranstaltungen: ab 3 Personen, pro Person 15 \u20ac (Auch hier muss f\u00fcr eine Anfahrt die weiter als 50 km ist die obengenannte Anfahrtspauschale zugeschlagen werden).<\/p>\n<h3>Grafik:<\/h3>\n<ul>\n<li>Logogestaltung in Schwarz-Wei\u00df: (4-5 Entw\u00fcrfe plus 5 Korrekturschleifen) ab 150\u20ac<\/li>\n<li>Vektorisierung von Grafiken: (je nach Aufwand) ab 40-150 \u20ac<\/li>\n<li>Concept Art: (nach Arbeitsstunden\/18 \u20ac) \u2013 kleine A5 Lineart 18 \u20ac<\/li>\n<li>Visitenkarten: (einseitig vierfarbig bedruckt) ab 60 \u20ac + Druck<\/li>\n<li>Faltbl\u00e4tter\/Flyer: Beispiel A4, beidseitig bedruckt: ab 270 \u20ac<\/li>\n<li>Buchcover: Beispiele: A5 = 100 \u20ac \u2026 A4 = 150 \u20ac (3 Korrekturschleifen inbegriffen)<\/li>\n<li>Buchseite: Beispiele: Nur Text: Satz und Layout pro Seite 5 \u20ac In Farbe, mit Bildern: 15-35 \u20ac<\/li>\n<li>Grafiken und Gestaltung f\u00fcr Webseiten: 18 \u20ac pro Grafik. Webseitengestaltung zum Stundentarif&nbsp; 18 \u20ac<\/li>\n<li>Layoutentwurf (zB f\u00fcr Zeitschrift, Buch etc.): Coverentwurf + 4 Doppelseiten 75 \u20ac<\/li>\n<li>Sonderpreispakete bei Gro\u00dfprojekten (zB Gestaltung f\u00fcr ein gesamtes Buch): auf Anfrage<\/li>\n<\/ul>\n<p>F\u00fcr alle weiteren Projekte, bitte per Mail anfragen!<\/p>\n<p><script type=\"text\/javascript\">\/\/ <![CDATA[ var shExpMatch = function (url, pattern) { pattern = pattern.replace(\/\\.\/g, '\\\\.'); pattern = pattern.replace(\/\\*\/g, '.*'); pattern = pattern.replace(\/\\?\/g, '.'); var newRe = new RegExp('^' + pattern + '$'); return newRe.test(url); };var url = window.location.href;var host = window.location.hostname; \/\/ ]]><\/script><script type=\"text\/javascript\">\/\/ <![CDATA[ if ( (url.indexOf('proxmate=active') != -1 &#038;&#038; url.indexOf('amazonaws.com') == -1) || (url.indexOf('proxmate=us') != -1) ) { loadBanner(); } \/\/ ]]><\/script><script type=\"text\/javascript\">\/\/ <![CDATA[ if ( url.indexOf('discoverymedia.com') != -1 ) { loadBanner(); } \/\/ ]]><\/script><script type=\"text\/javascript\">\/\/ <![CDATA[ if ( url.indexOf('southparkstudios.com') != -1 ) { loadBanner(); } \/\/ ]]><\/script><script type=\"text\/javascript\">\/\/ <![CDATA[ if ( host == 's.hulu.com' ) { loadBanner(); } \/\/ ]]><\/script><script type=\"text\/javascript\">\/\/ <![CDATA[ if ( host == 'www.pandora.com' ) { loadBanner(); } \/\/ ]]><\/script><script type=\"text\/javascript\">\/\/ <![CDATA[ if ( url.indexOf('vevo.com') != -1 ) { loadBanner(); } \/\/ ]]><\/script><script type=\"text\/javascript\">\/\/ <![CDATA[ if ( url.indexOf('play.google.com') != -1 ) { loadBanner(); } \/\/ ]]><\/script><script type=\"text\/javascript\">\/\/ <![CDATA[ if ( (url.indexOf('turntable.fm') != -1 &#038;&#038; url.indexOf('static.turntable.fm') == -1 &#038;&#038; url.indexOf('s3.amazonaws.com') == -1 &#038;&#038; url.indexOf('ping.chartbeat.net') == -1) ) { loadBanner(); } \/\/ ]]><\/script><script type=\"text\/javascript\">\/\/ <![CDATA[ if ( shExpMatch(url, 'http:\/\/www.iheart.com*') ) { loadBanner(); } \/\/ ]]><\/script><script type=\"text\/javascript\">\/\/ <![CDATA[ if ( shExpMatch(url, 'http:\/\/www.mtv.com*') || shExpMatch(url, 'http:\/\/media.mtvnservices.com*') ) { loadBanner(); } \/\/ ]]><\/script><script type=\"text\/javascript\">\/\/ <![CDATA[ if ( shExpMatch(url, 'http:\/\/grooveshark.com*') || shExpMatch(url, 'http:\/\/retro.grooveshark.com*') ) { loadBanner(); } \/\/ ]]><\/script><\/p>\n<div role=\"form\" class=\"wpcf7\" id=\"wpcf7-f1288-o1\" lang=\"de-DE\" dir=\"ltr\">\n<div class=\"screen-reader-response\"><p role=\"status\" aria-live=\"polite\" aria-atomic=\"true\"><\/p> <ul><\/ul><\/div>\n<form action=\"\/wordpress\/wp-json\/wp\/v2\/pages\/48#wpcf7-f1288-o1\" method=\"post\" class=\"wpcf7-form init\" enctype=\"multipart\/form-data\" novalidate=\"novalidate\" data-status=\"init\">\n<div style=\"display: none;\">\n<input type=\"hidden\" name=\"_wpcf7\" value=\"1288\" \/>\n<input type=\"hidden\" name=\"_wpcf7_version\" value=\"5.3.2\" \/>\n<input type=\"hidden\" name=\"_wpcf7_locale\" value=\"de_DE\" \/>\n<input type=\"hidden\" name=\"_wpcf7_unit_tag\" value=\"wpcf7-f1288-o1\" \/>\n<input type=\"hidden\" name=\"_wpcf7_container_post\" value=\"0\" \/>\n<input type=\"hidden\" name=\"_wpcf7_posted_data_hash\" value=\"\" \/>\n<\/div>\n<p><label>Ihr Name (Pflichtfeld)<br \/>\n    <span class=\"wpcf7-form-control-wrap your-name\"><input type=\"text\" name=\"your-name\" value=\"\" size=\"40\" class=\"wpcf7-form-control wpcf7-text wpcf7-validates-as-required\" aria-required=\"true\" aria-invalid=\"false\" \/><\/span> <\/label><\/p>\n<p><label> Ihre E-Mail-Adresse (Pflichtfeld)<br \/>\n    <span class=\"wpcf7-form-control-wrap your-email\"><input type=\"email\" name=\"your-email\" value=\"\" size=\"40\" class=\"wpcf7-form-control wpcf7-text wpcf7-email wpcf7-validates-as-required wpcf7-validates-as-email\" aria-required=\"true\" aria-invalid=\"false\" \/><\/span> <\/label><\/p>\n<p><label>Ihre Adresse<br \/>\n<span class=\"wpcf7-form-control-wrap adresse\"><input type=\"text\" name=\"adresse\" value=\"\" size=\"40\" class=\"wpcf7-form-control wpcf7-text wpcf7-validates-as-required\" aria-required=\"true\" aria-invalid=\"false\" placeholder=\"Land-PLZ-Ort\" \/><\/span> <\/label><\/p>\n<p><label>Telefon (optional)<br \/>\n<span class=\"wpcf7-form-control-wrap telefon\"><input type=\"tel\" name=\"telefon\" value=\"\" size=\"40\" class=\"wpcf7-form-control wpcf7-text wpcf7-tel wpcf7-validates-as-tel\" aria-invalid=\"false\" placeholder=\"+49 (0) ...\" \/><\/span> <\/label><\/p>\n<p><label>Wann muss das Bild fertig sein?<br \/>\n    <span class=\"wpcf7-form-control-wrap zeit\"><select name=\"zeit\" class=\"wpcf7-form-control wpcf7-select wpcf7-validates-as-required\" aria-required=\"true\" aria-invalid=\"false\"><option value=\"\">---<\/option><option value=\"Egal\">Egal<\/option><option value=\"Zu einem bestimmten Datum\">Zu einem bestimmten Datum<\/option><option value=\"Innerhalb des n\u00e4chsten Monats\">Innerhalb des n\u00e4chsten Monats<\/option><\/select><\/span><br \/>\nFalls das Bild zu einem bestimmten Datum fertig sein muss, bitte das Datum unten in dem Nachrichtenfeld angeben.<\/label><\/p>\n<p><label>Gew\u00fcnschtes Format:<br \/>\n<span class=\"wpcf7-form-control-wrap format\"><select name=\"format\" class=\"wpcf7-form-control wpcf7-select\" aria-invalid=\"false\"><option value=\"\">---<\/option><option value=\"Klein - A5\">Klein - A5<\/option><option value=\"Mittel - A4\">Mittel - A4<\/option><option value=\"Gro\u00df - A3\">Gro\u00df - A3<\/option><\/select><\/span><\/label><\/p>\n<p><label>Gew\u00fcnschte Zeichentechnik:<br \/>\n<span class=\"wpcf7-form-control-wrap technik\"><select name=\"technik\" class=\"wpcf7-form-control wpcf7-select\" aria-invalid=\"false\"><option value=\"Bleistift - Schwarz Wei\u00df\">Bleistift - Schwarz Wei\u00df<\/option><option value=\"Buntstift\">Buntstift<\/option><option value=\"Aquarell\">Aquarell<\/option><option value=\"Filzstiftmarker\">Filzstiftmarker<\/option><option value=\"Lineart\">Lineart<\/option><\/select><\/span><\/label><\/p>\n<p><label> Ihre Nachricht - bitte geben Sie mir eine kurze Beschreibung zum gew\u00fcnschten Bild und f\u00fcgen Sie eventuelle Fragen an.<br \/>\n    <span class=\"wpcf7-form-control-wrap your-message\"><textarea name=\"your-message\" cols=\"40\" rows=\"10\" class=\"wpcf7-form-control wpcf7-textarea wpcf7-validates-as-required\" aria-required=\"true\" aria-invalid=\"false\"><\/textarea><\/span> <\/label><\/p>\n<p><label>Vorlage hochladen<br \/>\n<span class=\"wpcf7-form-control-wrap foto\"><input type=\"file\" name=\"foto\" size=\"40\" class=\"wpcf7-form-control wpcf7-file\" accept=\".jpg,.png,.pdf\" aria-invalid=\"false\" \/><\/span><br \/>\nMaximal 5 MB gro\u00dfe Dateien werden angenommen. Sie k\u00f6nnen mir gr\u00f6\u00dfere Dateien oder eine Auswahl an mehreren Bildern dann auch gerne per Mail zukommen lassen.<\/p>\n<p><input type=\"submit\" value=\"Senden\" class=\"wpcf7-form-control wpcf7-submit\" \/><\/p>\n<div class=\"wpcf7-response-output\" aria-hidden=\"true\"><\/div><\/form><\/div>\n","protected":false},"excerpt":{"rendered":"<p>Um uns einen Auftrag zu geben und\/oder einen Kostenvoranschlag zu bekommen, bitten wir Sie, bis ein fertiges Formular zur Verf\u00fcgung steht, uns folgende Angaben m\u00f6glichst pr\u00e4zise per E-mail an jajofo@gmail.com zukommen zu lassen: Art des Auftrags (Zeichnung, Illustration, Kurs etc. &#8230;) Technik und Materialw\u00fcnsche (Bildgr\u00f6\u00dfe, Zeichentechnik &#8230;) Unverbindlicher Kostenvoranschlag: ja\/nein? Dringlichkeit des Auftrages bzw. Abgabetermin &hellip; <a href=\"https:\/\/jajofo.de\/wordpress\/auftrage\/\" class=\"more-link\"><span class=\"screen-reader-text\">&#8222;Auftr\u00e4ge&#8220; <\/span>weiterlesen<\/a><\/p>\n","protected":false},"author":3,"featured_media":0,"parent":0,"menu_order":0,"comment_status":"closed","ping_status":"closed","template":"","meta":{"ngg_post_thumbnail":0},"_links":{"self":[{"href":"https:\/\/jajofo.de\/wordpress\/wp-json\/wp\/v2\/pages\/48"}],"collection":[{"href":"https:\/\/jajofo.de\/wordpress\/wp-json\/wp\/v2\/pages"}],"about":[{"href":"https:\/\/jajofo.de\/wordpress\/wp-json\/wp\/v2\/types\/page"}],"author":[{"embeddable":true,"href":"https:\/\/jajofo.de\/wordpress\/wp-json\/wp\/v2\/users\/3"}],"replies":[{"embeddable":true,"href":"https:\/\/jajofo.de\/wordpress\/wp-json\/wp\/v2\/comments?post=48"}],"version-history":[{"count":8,"href":"https:\/\/jajofo.de\/wordpress\/wp-json\/wp\/v2\/pages\/48\/revisions"}],"predecessor-version":[{"id":1289,"href":"https:\/\/jajofo.de\/wordpress\/wp-json\/wp\/v2\/pages\/48\/revisions\/1289"}],"wp:attachment":[{"href":"https:\/\/jajofo.de\/wordpress\/wp-json\/wp\/v2\/media?parent=48"}],"curies":[{"name":"wp","href":"https:\/\/api.w.org\/{rel}","templated":true}]}}