{"id":640,"date":"2013-03-06T18:57:35","date_gmt":"2011-02-22T21:43:45","guid":{"rendered":"http:\/\/jajofo.de\/wordpress\/?page_id=640"},"modified":"2013-05-03T10:00:05","modified_gmt":"2013-05-03T10:00:05","slug":"commandes","status":"publish","type":"page","link":"https:\/\/jajofo.de\/wordpress\/commandes\/","title":{"rendered":"Commandes"},"content":{"rendered":"<p>Pour passer commande ou demander un devis nous vous prions de nous communiquer les donn\u00e9es suivantes le plus pr\u00e9cises possibles par mail \u00e0 jajofo@gmail.com en attendant que nous mettons \u00e0 disposition un formulaire:<\/p>\n<ul>\n<li>Nature de la commande (Dessin, graphique, produit &#8230;)<\/li>\n<li>T\u00e9chnique et materiaux (chez un dessin par exemple le format du papier, la t\u00e9chnique du dessin &#8230;)<\/li>\n<li>D\u00e9vis sans engagement: oui\/non?<\/li>\n<li>Date de livraison souhait\u00e9<\/li>\n<\/ul>\n<p>Si il vous reste des questions, vous pouvez nous faire un mail \u00e0 tout moment. Nous allons essayer de r\u00e9aliser au possible tout vos d\u00e9sirs.<\/p>\n<h1>TARIFS 2013<\/h1>\n<p>Tout les prix suivants sont tous taux inclus. Pour des \u00e9xp\u00e9ditions nous facturons un forfait de 5 \u20ac pour l&#8217;emballage et les frais de port dans l&#8217;UE. Nous regrettons de ne pas pouvoir proposer des prix avec TVA d\u00e9ductible.<\/p>\n<p>Nos forfaits sont en principe fixes mais nous nous reservons le droit de les ajuster selon les projets si par exemple il s&#8217;avere d&#8217;\u00eatre particulairement complexe.<\/p>\n<p>Assurance de retard: Si une commande vous parvient plus tard que 2 semaines apr\u00e8s la date demand\u00e9 qui \u00e0 \u00e9t\u00e9 <span style=\"text-decoration: underline;\">pr\u00e9cis\u00e9 et convenue par \u00e9crit,<\/span> vous profitez d&#8217;un rabais de 20% sur la facture.<\/p>\n<p><strong>Pour des commandes au dessus de 50 \u20ac nous demandons un acompte de 50%.<\/strong><\/p>\n<p><strong>Tarif horaire de base: 18,- \u20ac<\/strong><\/p>\n<h3>Dessin:<\/h3>\n<table>\n<colgroup>\n<col width=\"354\" \/>\n<col width=\"93\" \/>\n<col width=\"91\" \/>\n<col width=\"86\" \/> <\/colgroup>\n<tbody>\n<tr>\n<td>Technique:<\/td>\n<td>Format A5<\/td>\n<td>Format A4<\/td>\n<td>Format A3<\/td>\n<\/tr>\n<tr>\n<td>Dessin avec crayon en noir et blanc<\/td>\n<td>20 \u20ac<\/td>\n<td>38 \u20ac<\/td>\n<td>68 \u20ac<\/td>\n<\/tr>\n<tr>\n<td>Dessin avec crayon couleur<\/td>\n<td>25 \u20ac<\/td>\n<td>48 \u20ac<\/td>\n<td>88 \u20ac<\/td>\n<\/tr>\n<tr>\n<td>Dessin en aquarelle<\/td>\n<td>33 \u20ac<\/td>\n<td>63 \u20ac<\/td>\n<td>125 \u20ac<\/td>\n<\/tr>\n<tr>\n<td>Dessin en pastel ou en encre (noir et blanc)<\/td>\n<td>30 \u20ac<\/td>\n<td>60 \u20ac<\/td>\n<td>115 \u20ac<\/td>\n<\/tr>\n<tr>\n<td>Illustration simple ou lineart<\/td>\n<td>18 \u20ac<\/td>\n<td>33 \u20ac<\/td>\n<td>58 \u20ac<\/td>\n<\/tr>\n<\/tbody>\n<\/table>\n<h3>photographie:<\/h3>\n<p>Une s\u00e9ance photo d&#8217;une 1\/2 journ\u00e9e coute actuellement 70 \u20ac. Vous allez recevoir les photos sur un support de votre choix (carte m\u00e9moire, cl\u00e9 USB, CD-\/DVD-Rom).<\/p>\n<p>Pour le d\u00e9placement nous facturons 0,02 \u20ac par kilometre.<\/p>\n<h3>COURS \/ Stages:<\/h3>\n<p>Suivi par internet: Tarif annuel: 150 \u20ac (payable aussi en semestriel (80 \u20ac) ou trimestriel (45 \u20ac)).<\/p>\n<p>Organisation de stages de dessin: \u00e0 partir de 3 personnes, 15 \u20ac par personne. Pour le deplacement nous facturons 0,02 \u20ac par kilometre.<\/p>\n<h3>Grafik:<\/h3>\n<ul>\n<li>Cr\u00e9ation de logo en noir et blanc (4-5 propositions plus 5 d\u00e9marches de correction) \u00e0 partir de 120 \u20ac<\/li>\n<li>V\u00e9ctorisation d\u2019image: (depend du temps consacr\u00e9) de 40 \u00e0 150 \u20ac<\/li>\n<li>Cartes de visite: (imprim\u00e9 en couleur au recto) \u00e0 partir de 60 \u20ac + cout d\u2019impr\u00e9ssion<\/li>\n<li>Concept Art: (tarif horaire\/18 \u20ac) \u2013 petit dessin sur A5 18 \u20ac<\/li>\n<li>Tracts\/Flyer: exemple: A4, imprim\u00e9 recto verso \u00e0 partir de 270 \u20ac + cout d\u2019impr\u00e9ssion<\/li>\n<li>Couverture de livre: Exemples: A5 = 100 \u20ac \u2026 A4 = 150 \u20ac (3 d\u00e9marches de correction comprises)<\/li>\n<li>Page: Exemples: texte uniquement: Design et mise en page: 5 \u20ac par page. En couleur, avec images: 15-35 \u20ac<\/li>\n<li>Graphiques et mise en pages de sites web: 18 \u20ac par icone. Mise en page au tarif horaire de 18 \u20ac<\/li>\n<li>Conception de maquette (par exemple pour un magazine, livre \u2026): Conception de la couverture + 4 pages 75 \u20ac<\/li>\n<li>Tarifs sp\u00e9ciales pour des projets compos\u00e9s (par exemple la r\u00e9alisation compl\u00e8te pour un livre): sur d\u00e9vis.<\/li>\n<\/ul>\n<p>Pour tout autre projet, merci d&#8217;envoyer une demande par mail!<\/p>\n<p>&nbsp;<\/p>\n","protected":false},"excerpt":{"rendered":"<p>Pour passer commande ou demander un devis nous vous prions de nous communiquer les donn\u00e9es suivantes le plus pr\u00e9cises possibles par mail \u00e0 jajofo@gmail.com en attendant que nous mettons \u00e0 disposition un formulaire: Nature de la commande (Dessin, graphique, produit &#8230;) T\u00e9chnique et materiaux (chez un dessin par exemple le format du papier, la t\u00e9chnique &hellip; <a href=\"https:\/\/jajofo.de\/wordpress\/commandes\/\" class=\"more-link\"><span class=\"screen-reader-text\">&#8222;Commandes&#8220; <\/span>weiterlesen<\/a><\/p>\n","protected":false},"author":3,"featured_media":0,"parent":0,"menu_order":0,"comment_status":"closed","ping_status":"closed","template":"","meta":{"ngg_post_thumbnail":0},"_links":{"self":[{"href":"https:\/\/jajofo.de\/wordpress\/wp-json\/wp\/v2\/pages\/640"}],"collection":[{"href":"https:\/\/jajofo.de\/wordpress\/wp-json\/wp\/v2\/pages"}],"about":[{"href":"https:\/\/jajofo.de\/wordpress\/wp-json\/wp\/v2\/types\/page"}],"author":[{"embeddable":true,"href":"https:\/\/jajofo.de\/wordpress\/wp-json\/wp\/v2\/users\/3"}],"replies":[{"embeddable":true,"href":"https:\/\/jajofo.de\/wordpress\/wp-json\/wp\/v2\/comments?post=640"}],"version-history":[{"count":4,"href":"https:\/\/jajofo.de\/wordpress\/wp-json\/wp\/v2\/pages\/640\/revisions"}],"predecessor-version":[{"id":645,"href":"https:\/\/jajofo.de\/wordpress\/wp-json\/wp\/v2\/pages\/640\/revisions\/645"}],"wp:attachment":[{"href":"https:\/\/jajofo.de\/wordpress\/wp-json\/wp\/v2\/media?parent=640"}],"curies":[{"name":"wp","href":"https:\/\/api.w.org\/{rel}","templated":true}]}}